te the highest common factor of 75 and 751675350.
75
What is the highest common factor of 5118 and 77136?
6
What is the highest common divisor of 188630 and 59020?
130
What is the greatest common divisor of 17591763 and 2996?
749
What is the highest common factor of 1482 and 1237509?
39
Calculate the highest common divisor of 20798426 and 627.
209
What is the greatest common divisor of 5525970 and 100?
10
Calculate the greatest common factor of 148 and 5165029948.
148
Calculate the greatest common divisor of 1433160 and 1530.
90
What is the highest common divisor of 14659332 and 3216?
804
Calculate the greatest common factor of 26496 and 197504.
128
Calculate the greatest common divisor of 31703 and 565478.
647
Calculate the greatest common divisor of 2128 and 265471192.
1064
What is the greatest common factor of 670 and 682505215?
335
What is the greatest common factor of 2574 and 331389630?
2574
What is the highest common divisor of 1078368 and 152004?
2868
What is the greatest common divisor of 6407 and 838?
1
Calculate the highest common divisor of 292006 and 1495.
13
What is the greatest common factor of 42070 and 89110?
70
Calculate the greatest common divisor of 88348 and 39286.
26
Calculate the greatest common factor of 53788808 and 6036.
2012
What is the greatest common divisor of 4798984 and 16?
8
What is the highest common factor of 7614 and 12104568?
846
What is the highest common factor of 10530 and 116144847?
1053
What is the greatest common divisor of 676 and 13493636?
676
What is the highest common divisor of 121182 and 18700296?
6378
Calculate the highest common divisor of 17355 and 1072110.
195
Calculate the greatest common factor of 255225 and 235803.
249
What is the greatest common divisor of 21840 and 32410?
70
Calculate the highest common factor of 9471143 and 275.
11
Calculate the greatest common factor of 12120 and 415176.
24
Calculate the highest common divisor of 1055889312 and 136.
136
What is the highest common factor of 266976 and 253913952?
9888
What is the greatest common divisor of 1391 and 284483147?
1391
What is the greatest common factor of 71912214 and 1826?
22
Calculate the highest common factor of 808 and 6607420.
404
What is the greatest common divisor of 658 and 554405984?
94
Calculate the greatest common factor of 900 and 17431650.
450
Calculate the highest common factor of 110525560 and 25400.
5080
Calculate the highest common factor of 14191 and 97037.
23
What is the greatest common divisor of 13856771 and 139?
139
What is the greatest common divisor of 15511696 and 16?
16
What is the highest common factor of 12070400 and 117424?
656
What is the greatest common factor of 468264600 and 8532?
2844
Calculate the highest common divisor of 770 and 5350730.
770
Calculate the highest common factor of 409558272 and 480.
96
What is the greatest common factor of 50130 and 10?
10
What is the greatest common factor of 308076 and 124?
4
What is the greatest common factor of 12150684 and 27846?
1638
What is the highest common factor of 33054477 and 204?
51
Calculate the greatest common divisor of 112 and 480539248.
112
What is the highest common factor of 5911 and 43079?
23
What is the highest common divisor of 292104 and 900?
36
What is the highest common divisor of 3871 and 39438?
7
What is the highest common factor of 5397967 and 21904?
1369
Calculate the greatest common factor of 374 and 673354.
22
What is the highest common divisor of 249791128 and 344?
344
What is the highest common factor of 274 and 10899857?
137
What is the highest common divisor of 1672343 and 1160?
29
What is the highest common factor of 7984567 and 449?
449
Calculate the highest common factor of 1728860 and 12257840.
7420
What is the highest common factor of 246 and 20211442?
82
Calculate the greatest common divisor of 2015 and 6830447.
403
Calculate the greatest common divisor of 2160 and 24594000.
240
Calculate the highest common factor of 1496621 and 134561.
329
What is the highest common divisor of 721 and 66250733?
103
What is the highest common factor of 2502008 and 218434?
298
What is the greatest common factor of 750728 and 8360?
1672
What is the greatest common factor of 181644872 and 434?
62
Calculate the highest common divisor of 67844 and 48438193.
2423
What is the greatest common factor of 26 and 90394304?
26
Calculate the highest common factor of 4656 and 16871792.
1552
What is the greatest common divisor of 58052835 and 7792?
487
What is the highest common divisor of 87 and 9660103?
29
Calculate the highest common divisor of 22548 and 416748.
12
What is the greatest common divisor of 3396 and 32556?
12
What is the greatest common factor of 827568 and 15624?
504
Calculate the greatest common factor of 244 and 605811862.
122
Calculate the greatest common factor of 4692 and 2273172.
204
What is the greatest common divisor of 21608 and 266992?
296
Calculate the highest common divisor of 15 and 4701408780.
15
What is the greatest common factor of 12 and 95523792?
12
What is the highest common factor of 63165 and 11955?
15
What is the highest common divisor of 4378 and 39228074?
398
Calculate the greatest common divisor of 289324053 and 333.
333
What is the highest common factor of 1410 and 162742106?
94
Calculate the greatest common factor of 80 and 1272428.
4
Calculate the highest common divisor of 285 and 659955.
15
What is the highest common factor of 31496 and 9468485?
3937
What is the highest common factor of 9690 and 4183857?
57
What is the greatest common factor of 2222136 and 19944?
72
Calculate the greatest common factor of 65630749 and 2069.
2069
Calculate the greatest common divisor of 188632 and 4199.
323
What is the highest common divisor of 14428 and 30386?
2
Calculate the highest common factor of 3278 and 249793434.
3278
What is the greatest common divisor of 198657915 and 10215?
3405
What is the greatest common divisor of 1111435 and 29705?
65
Calculate the highest common factor of 7192598 and 1.
1
What is the greatest common divisor of 34891 and 10404326?
851
What is the greatest common divisor of 2885280 and 17280?
480
What is the greatest common divisor of 28 and 112693462?
14
Calculate the greatest common divisor of 28148 and 1675054.
62
Calculate the greatest common divisor of 199518783 and 443.
443
Calculate the highest common factor of 104050804 and 1573.
1573
What is the greatest common factor of 813360 and 2598?
6
Calculate the greatest common divisor of 231570995 and 3095.
3095
Calculate the greatest common factor of 624 and 19064292.
156
What is the highest common factor of 43 and 275672699?
43
What is the highest common divisor of 14 and 61970902?
14
Calculate the greatest common divisor of 271439896 and 364.
364
What is the highest common divisor of 1446381220 and 10?
10
What is the highest common factor of 54700 and 172325?
25
Calculate the greatest common factor of 332929 and 4616.
577
What is the highest common divisor of 20 and 76143420?
20
Calculate the greatest common divisor of 33 and 22983081.
33
What is the highest common factor of 1746 and 93841389?
873
Calculate the highest common divisor of 14872743 and 69.
69
Calculate the greatest common factor of 80 and 10007630.
10
Calculate the highest common divisor of 2126622 and 78153.
717
Calculate the highest common factor of 58 and 671586466.
58
What is the highest common factor of 89962 and 7874?
62
Calculate the highest common factor of 23 and 1598293.
23
Calculate the greatest common divisor of 6 and 56276958.
6
Calculate the highest common factor of 9 and 113369985.
9
Calculate the greatest common factor of 77669 and 882812.
769
What is the highest common divisor of 24881628 and 24?
12
Calculate the greatest common divisor of 16478 and 107668.
22
Calculate the highest common factor of 1027 and 63227255.
1027
What is the highest common factor of 2048 and 106504?
8
Calculate the greatest common factor of 508999 and 6079446.
4757
What is the highest common divisor of 369 and 335628?
9
Calculate the highest common divisor of 111777477 and 5194.
2597
What is the greatest common factor of 6546735 and 26195?
2015
Calculate the greatest common divisor of 154 and 11123602.
14
Calculate the greatest common factor of 197353 and 1914592.
893
Calc